 Let q(d) = 5*d - 7. Let y(m) = -2*m + 2. Let h(l) = 3*q(l) + 8*y(l). Give h(o).
1
Let g(x) = 5*x - 3. Let w be g(2). Let j be ((-3)/w)/(6/(-42)). Let b(l) = 2*l**3 - l - 1 - j*l**3 - 3*l**3 - 3*l**2 + 3*l**3. Give b(-2).
-3
Let j(i) = -i**2 - 6*i + 2. Let a be 3/(-9) + (17488/(-6))/(-8). Let l be ((-2)/(-4))/((-26)/a). Determine j(l).
-5
Let r(l) = 3*l - 77. Let j be r(27). Suppose -i = 0, 4*t - 2*i - 3*i = 16. Suppose -j*z = -0*z - t. Let w(a) = 10*a**2 + a - 1. Give w(z).
10
Suppose -53*v + 50*v = 3. Let n(g) be the first derivative of g**4 - g**2 - g + 5. Calculate n(v).
-3
Let m(n) = -n**3 - 5*n**2 + 3*n + 6. Suppose -f + v = -5, -2*f + 3*v + 2 = 5*v. Suppose -5*g - 29 = -4*k - 0, 5*k = -f*g - 10. Determine m(g).
-9
Suppose -c + 15*g - 18*g + 15 = 0, 5*c - 4*g + 1 = 0. Let u(a) be the first derivative of -a**2 + a + 2. Calculate u(c).
-5
Let m = 30 + -26. Suppose 83 = -3*d - m. Let w = d - -31. Let u(s) = s - 2. Determine u(w).
0
Let k(o) = -o + 20 - 9 - o. Let l(m) = 36*m + 298. Let r be l(-8). Give k(r).
-9
Let m(q) = 2*q**2 + 6*q + 7. Let b be m(-4). Suppose 0*d + 5*d + b = 3*i, 5*i - 25 = 5*d. Let w(f) = f**2 - 2*f - 1. Give w(i).
14
Let y(h) = -13*h - 2 - h**2 + 1 + 24*h - 12*h - 7*h. What is y(-7)?
6
Let p(d) = d**2 - 453*d - 11 - 2*d**2 + 442*d + 0. Determine p(-10).
-1
Let r(b) be the first derivative of -b**2 - 4*b - 4. Let h = 782 + -788. Give r(h).
8
Let f(l) = -14*l**3 + 128*l**2 - 118*l**2 + 13*l**3 - 4*l - 11. Determine f(9).
34
Let z(i) = i**3 + 6*i**2 - 6. Let n be 22/143 - (-2)/(-13). Suppose n = -10*l + 6*l + 32. Let f be (9 - l)/((-1)/6). Give z(f).
-6
Let t = 70 + -61. Let h(n) = -11*n**2 - 12*n + 29. Let k(l) = -5*l**2 - 6*l + 14. Let s(b) = t*k(b) - 4*h(b). What is s(-7)?
3
Suppose -40*u + 37*u + 30 = 0. Suppose u = -3*p - 8. Let x(y) = -y**2 - 6*y + 4. What is x(p)?
4
Suppose 8*n - 4*n - 28 = 0. Let f(t) = t**2 - n*t - 5 + 1 + 0 - 1. What is f(7)?
-5
Suppose -74*a + 70*a + 20 = 0. Let k(s) = s**2 - 3*s - 3. Let v be k(5). Let x(w) = -w**3 + 6 + v*w - 3 + 4*w**2 - 8. Calculate x(a).
5
Let a = 80 + -65. Let y be (-2)/32*-4 + a/4. Let k(s) = -2*s - 2. Give k(y).
-10
Let u(a) be the second derivative of a**4/12 + 5*a**3/6 + 3*a**2 - 58*a. Give u(-3).
0
Let c(h) = -71*h + 47 - 43 + 72*h. Give c(-2).
2
Let d(s) = 10*s - 56. Let w be d(6). Let u(h) be the third derivative of 6*h**2 - h**3 + 0 - 1/12*h**w + 0*h. Determine u(-5).
4
Let a be (-1098)/((-24)/(-4)) - -3. Let z = a + 171. Let j(t) = t + 3. What is j(z)?
-6
Let g(d) = -d**3 - 7*d**2 - 10*d - 7. Suppose -3*s = -15, 0 = 2*t - 4*s + 36 - 6. Calculate g(t).
-7
Let q(f) be the third derivative of -f**6/120 + f**5/60 - f**4/24 + 2*f**2. Let u = 5 + -4. Let o be q(u). Let j(d) = 5*d + 1. Give j(o).
-4
Let y(j) = -8*j**2 + 26*j**3 + 28*j**3 - 55*j**3 - 10*j - 1 + 8*j. Calculate y(-8).
15
Let g(r) = 7*r**3 + 3*r**2 + 15*r - r**2 - 14*r + 1 - r**2. Suppose -16 = -4*i + 20*i. Calculate g(i).
-6
Let r(c) = 342*c + 1 - 341*c + 2 - 4 - 2. Let s(n) = 9*n. Let f be s(1). What is r(f)?
6
Let m = 3 + -4. Let o be 1 + -4 + (-3 - -16). Let a(n) = -20 - o*n + 21 + 0*n. Determine a(m).
11
Let c(p) be the third derivative of p**4/24 - p**3/6 - 2*p**2 + 108*p. What is c(-1)?
-2
Let p = 1083 - 1080. Let y(b) = -b**3 - b**2 + b + 5. Determine y(p).
-28
Suppose -3*y + 2*v = 23, 4*v = -2*y + y - 17. Let q be (-4)/6*y/(-3). Let s(f) = 7 + f**3 - f - 6 - 1. Determine s(q).
-6
Let u(g) = -3*g**3 - 2*g - 2. Let x(o) = o**3 + o + 1. Let j(k) = u(k) + 2*x(k). Let m(d) = 3*d**3 + d**2 + d. Let i(s) = 2*j(s) + m(s). Calculate i(-1).
-1
Let c(v) be the second derivative of v**4/12 + v**3/3 + 2*v. Let u = -48 + 44. Give c(u).
8
Let s(u) be the first derivative of u**2/2 - 8*u + 144. What is s(4)?
-4
Let a(z) be the third derivative of z**6/120 + z**4/24 - z**3/2 + 17*z**2 - z. Calculate a(0).
-3
Let r(n) = n. Let g(w) = -w**3 + 8*w**2 - 5*w - 10. Let b be g(7). Suppose 4*x + b*a = -8, a - 6 = 3*x - 0. Calculate r(x).
-2
Let d(g) = g**3 - g. Suppose 3*p - 4 - 10 = 4*m, m = p - 4. What is d(p)?
6
Let p(y) = y**2 - 7*y + 5. Let o(n) be the second derivative of -n**4/6 + 7*n**3/2 - 3*n**2 + 45*n. Let g be o(10). Determine p(g).
-7
Let j(c) = 5*c**2 - 4*c**2 + 0*c - 1 + 3*c. Let s be j(-4). Let h(n) = s*n - 75 + 41 + 33. Calculate h(1).
2
Suppose -4*s + 8 = 48. Let a(r) = r**2 + 11*r + 15. Let z be a(s). Let q(v) be the third derivative of v**5/60 - v**4/6 - 7*v**3/6 - 2*v**2. Give q(z).
-2
Let m be 6/(-8)*(244/36 + -7). Let t(c) be the second derivative of -3*c**2 + 0 - m*c**3 - 2*c + 0*c**4 + 1/20*c**5. Determine t(0).
-6
Let p(k) = -k**2 + 16*k + 15. Let f = 242 + -225. Determine p(f).
-2
Suppose 8*u = 11*u. Let w(n) = 4*n**2 - 12*n - 26. Let g(h) = 11*h**2 - 32*h - 78. Let d(o) = 3*g(o) - 8*w(o). What is d(u)?
-26
Let g(i) = 5*i. Suppose 59 = 11*a + 4. Suppose -2*l = -3*w - 3*l + a, 4*w - 2*l = 10. Give g(w).
10
Let s(g) be the second derivative of g**4/12 + 2*g**3/3 - 5*g**2 - 61*g. Give s(-7).
11
Let t(h) be the second derivative of h**4/6 + 23*h**3/6 - h**2/2 + 527*h. Determine t(-12).
11
Let l(f) be the second derivative of 1/20*f**5 - 3*f + 0*f**4 + 0*f**2 + 0 + 0*f**3. Give l(-1).
-1
Let u = -7 + 12. Suppose y = 6*y + u. Let c(q) = -3*q - q**3 + 1 + 3*q + q. Determine c(y).
1
Let q(j) = j**2 - 12. Let r(f) = -f**2 + 15. Let w(y) = -5*q(y) - 4*r(y). Let i be -6*(2 - 10/4). Give w(i).
-9
Suppose 4*t + 76 = 4*p, 2*t = -3*p + p + 34. Suppose p = 11*j - 37. Let k(m) = -2*m - 3. What is k(j)?
-13
Let n(w) = 0 - w + 2 + 1 + 0*w. Let r be n(8). Let x(l) = 4*l + 6. Calculate x(r).
-14
Let z(o) = o**2 - 4*o - 3. Let l(n) = n**3 - 4*n**2 - 14*n + 7. Let w be l(6). Let a(t) = -t**3 - 5*t**2 + 5. Let b be a(w). Determine z(b).
2
Let p be 4/(-6) - (-39)/(-9). Let v = 4 + p. Let g(n) = 2*n - 5. Let d(m) = -1. Let q(l) = 4*d(l) - g(l). Calculate q(v).
3
Let l(x) be the first derivative of x**4/4 - 4*x**3/3 + 3*x**2 - 5*x - 337. Calculate l(3).
4
Let l(r) = 4*r**2 + 6*r + 7. Let a be l(-1). Let y(d) = -6*d**2 + 0 + d**3 - 7 + 4*d + d**2. What is y(a)?
13
Let i(v) = -13*v - 258. Let k be i(-20). Let x(g) = 11*g**2 - 5*g + 2. Let n(t) = 17*t**2 - 8*t + 3. Let u(m) = 5*n(m) - 8*x(m). What is u(k)?
-13
Let v(p) = 1. Let d(i) = i + 1. Let j(c) = 1. Let q(h) = -d(h) - 4*j(h). Let n(g) = 2*q(g) + 9*v(g). Determine n(-1).
1
Let y(h) = -h**2 + 3*h + 4. Let t be 1/2 + 34/(-4). Let z(g) = 8*g - 8 + 15 - 21*g**2 - 4 + 22*g**2. Let c be z(t). What is y(c)?
4
Let q(v) = 4*v - 2. Let o be q(1). Let c(b) = -3*b + 2. Calculate c(o).
-4
Let u be (-15)/10*((-46)/(-161))/(3/49). Let d(g) be the first derivative of -5/2*g**2 + 1 - 1/4*g**4 - 8/3*g**3 + 8*g. Calculate d(u).
-6
Suppose 0 = -3*p - 4 - 2, -a + 3*p + 10 = 0. Let z = 0 + -1. Let l = z - a. Let n(w) = -w - 6. Give n(l).
-1
Let v be (1 - 1) + -2 + 5. Let q(w) be the second derivative of -w**3/6 - 3*w**2/2 - 2*w. Let k(f) = 2*f + 7. Let r(o) = -2*k(o) - 5*q(o). Calculate r(v).
4
Let c(d) be the third derivative of -d**6/120 - d**5/10 - d**4/12 - 8*d**2 - d. Give c(-6).
12
Let k = -516 + 517. Let x(g) = -6*g**2 + 4*g - 2. What is x(k)?
-4
Let w(d) = -2*d + 9. Let p(q) = 2*q - 7. Let z(a) = -4*p(a) - 3*w(a). Calculate z(-3).
7
Let p = 178 - 136. Let i(l) = 122 - 37 - 45 - p - l. Give i(2).
-4
Let s(j) = j**3 - 4*j**2 - 6*j + 7. Suppose 0 = -y - 5*y. Suppose -41 = -y*g - 5*g + 4*u, 24 = 4*g - u. What is s(g)?
2
Let q(r) = r**3 - 7*r**2 - 3*r + 8. Suppose -104 = 37*n - 400. Give q(n).
48
Let m(h) be the second derivative of h**8/6720 + h**7/420 - 7*h**6/720 - h**5/60 + h**4/12 - 9*h. Let n(l) be the third derivative of m(l). Determine n(-7).
-2
Let g = -7 - -12. Let s(p) = -5*p**2 + 38*p - 1. Let z(k) = -k**2 + 8*k. Let c(u) = s(u) - 4*z(u). Give c(g).
4
Let r(k) = -k**2 + 7*k + 8. Suppose -2 = g + 4*d, 3*g + 3 = 4*d + 29. What is r(g)?
14
Let k(g) = -106*g**3 + 4*g - 8*g + 65*g**3 + 0 + 42*g**3 - 4. Let p(d) = d**2 + 6*d + 5. Let v be p(-4). Determine k(v).
-19
Suppose 7*q - 14 = -0*q. Let t(s) = s**3 - 9*s**2 - 2*s**2 + 3 + 4*s**q + 6*s. Suppose 2*x - 3*n + 15 = 3*x, -4*n = -2*x. Determine t(x).
3
Let i(r) = -3*r**2 + 4*r. Let o(c) = -7*c**2 + 7*c - 1. Let v(b) = -5*i(b) + 2*o(b). Calculate v(5).
-7
Let p(x) = -3*x + 46. Let n(y) = 4*y - 86. Let b(u) = 3*n(u) + 5*p(u). Cal